/h?
8
Suppose g = 2*j + 28, 4*g - 4*j - 75 - 49 = 0. Suppose 2*c - 8 - 28 = 0. What is the remainder when g is divided by c?
16
Let l(v) = -4*v + 108. Calculate the remainder when l(8) is divided by 6.
4
Let y = 39 + -32. What is the remainder when 40 is divided by y?
5
Suppose -4*b = -5*i + 90, i - b = 4*b + 39. Let g = 3 + -1. Suppose -4 = g*h - i, 0 = -3*t - 4*h + 26. What is the remainder when 5 is divided by t?
1
Let d(n) = -13*n + 6. Let h = -14 - -9. Let w be d(h). Suppose -w - 29 = -5*b. What is the remainder when b is divided by 7?
6
Let h be (-148)/(-7) + 1/(-7). Let g = h + -14. What is the remainder when 20 is divided by g?
6
Suppose -3*f - 130 = 182. Let u = -70 - f. What is the remainder when u is divided by 9?
7
Let s be 28 + 1*(2 + -1). Suppose -s = -4*y - 5. What is the remainder when 2 is divided by (-2)/4*(y - 10)?
0
Let g be 250/(-2)*(-3)/3. Suppose 0 = -3*h - 0*z + z + g, 203 = 5*h + z. Let b(v) = 21*v**3 - v + 1. Calculate the remainder when h is divided by b(1).
20
Let o = 28 - 12. What is the remainder when o is divided by 7?
2
Suppose 2*r + 9 = -0*r + s, 0 = 2*r + 5*s - 9. Let o = r + 7. Suppose 0 = -2*l, -l = -x + 4*l + 2. Calculate the remainder when o is divided by x.
0
Let t(a) = -6*a - 78. What is the remainder when (1 + 93)/(3 + -1) is divided by t(-15)?
11
Suppose 2*p = -2*i - 4, -4*i + 6 = p + 2. Let s(v) = 15*v + 1. What is the remainder when 90 is divided by s(i)?
28
Let b(v) = v**3 - 9*v**2 + 10*v - 8. Calculate the remainder when (12/5)/((-8)/(-100)) is divided by b(8).
6
Suppose 3*v - 68 = 4. What is the remainder when v is divided by ((-2)/3)/((-2)/42)?
10
Suppose -v + 4 = -1. What is the remainder when v is divided by 6*((-6)/(-9))/2?
1
Let j = -5 + 8. Suppose g - 3*g + 8 = 0. Calculate the remainder when g is divided by j.
1
Let v = -10 - -31. What is the remainder when -166*(1/(-2) - 0) is divided by v?
20
Suppose 8*b = -0*b + 16. What is the remainder when -1 + 7 - (-1 + 2) is divided by b?
1
Let j(x) = -x**2 + 8*x + 6. Let y be j(10). Let u = y + 24. What is the remainder when u is divided by 6?
4
Suppose 5*j - 22 = 3. What is the remainder when 9 is divided by j?
4
Let f(h) = h**3 + h**2 - h + 6. Calculate the remainder when 9 is divided by f(0).
3
Let u be 0 - 1/1 - -23. Let d = -11 + 16. Suppose -5*s + u = -d*z + 212, -5*z - 2*s = -225. Calculate the remainder when z is divided by 11.
10
Let u = 25 - 10. What is the remainder when 28 is divided by u?
13
Suppose -3*h + 4*h - 2*n = 18, 15 = h - 3*n. Let x = -16 + h. Calculate the remainder when -28*(5/2)/(-5) is divided by x.
6
Suppose 10 + 5 = 3*v. Suppose -5 = -5*c - 2*r, -v - 11 = -2*c + 2*r. What is the remainder when 37 is divided by (-117)/(-6)*2/c?
11
Let l be (2/10)/(8/280). Suppose -j = -l + 3. Calculate the remainder when 13 is divided by j.
1
Let l = 139 - 133. Calculate the remainder when (1*10 + 0)*2 is divided by l.
2
Let t = -87 - -11. Let i = t - -135. Calculate the remainder when i is divided by 15.
14
Let c(l) = -2*l**2 + 5*l + 4. Let a be c(4). What is the remainder when (-50)/(-3)*12/10 is divided by (-60)/a - (-1)/(-2)?
6
Calculate the remainder when 44 is divided by -30*(4 - (-9)/(-2)).
14
Suppose -123*v + 588 = -120*v. Calculate the remainder when v is divided by 33.
31
Suppose 0 = 5*x - x - 4. Suppose 0*l + 21 = l. What is the remainder when 121/2 - x/(-2) is divided by l?
19
Suppose 14 = 5*u - 2*g + 1, 0 = -3*u - 2*g + 11. Suppose 3*m - 3 = u. Let s = m - 0. What is the remainder when 7 is divided by s?
1
Suppose -2*v = -4*j - 10, 0*v = v - 4*j + 3. Suppose 0 = 3*p - 2*n - v, 20 = n + 4*n. What is the remainder when p is divided by 3?
1
Suppose 4*i - 2*i - 4*g + 92 = 0, -2*i - 98 = -g. Let x = -29 - i. Suppose 0 = -5*d + 38 + 2. Calculate the remainder when x is divided by d.
5
What is the remainder when 40 is divided by (-28)/(-10)*(1 - -4)?
12
Suppose o + 3*s - 7 = 6, o - 3*s = -5. Suppose -2*u = -o*x + 62, -2*x + 67 = 2*x + 3*u. Let g = 173 - 112. Calculate the remainder when g is divided by x.
13
Suppose -26 = 6*s - 86. Calculate the remainder when 49 is divided by s.
9
Let z = 8 - 1. Suppose 5*w + 3*s = 15 + 6, 2*w = -5*s + 16. Suppose -3*m = 4*r - 8*m + w, 30 = 5*r + 5*m. Calculate the remainder when z is divided by r.
1
Let r = 14 - 30. Let x = 36 + r. Suppose -5*v + 15 = -20. What is the remainder when x is divided by v?
6
Calculate the remainder when 38 is divided by -3 + 0 + 1 - -16.
10
Let f = -22 + 17. Let n(i) = -i**2 - 6*i + 7. What is the remainder when 21 is divided by n(f)?
9
Suppose 3*w = 3*l - 48, 4*w + 10 = 5*l - 67. Let c = -57 + 60. What is the remainder when l is divided by c?
1
Let m be (-6)/(-21) - (-51)/(-7). Calculate the remainder when 0/(-6) - (m + 1) is divided by (1 - 2)/((-4)/16).
2
Let y be ((-525)/(-6))/(-5)*-6. Suppose 5*a - y = -5*j, -3*j + 4*a + 39 = a. Let i(k) = 9*k - 4. What is the remainder when i(6) is divided by j?
16
Let t(y) = -5*y - 2. Let w be (-30)/(-9) - 2/(-3). What is the remainder when (-2)/w*0 - -14 is divided by t(-2)?
6
Let u be (-5)/((-5)/(-2)) + 4. Suppose -a - 49 = -u*a. Calculate the remainder when a is divided by 17.
15
Calculate the remainder when 3/(-2)*728/(-21) is divided by 18.
16
Let y = 5 - 2. Let v = -16 - -19. Calculate the remainder when v is divided by y.
0
Let s = 2 - 12. Calculate the remainder when (-4)/s + (-98)/(-5) is divided by 11.
9
Suppose -19 = -2*q - 2*s + 5, q = -3*s + 20. Calculate the remainder when q is divided by 7.
1
Suppose 6 + 0 = 3*l. Suppose 2*f + l*i - 52 = 0, 0 = i - 0 - 5. Calculate the remainder when f is divided by 12.
9
Let n be (11 + 0)/(1/(-1)). Suppose 0 = 4*u - 54 - 22. Let c = n + u. Calculate the remainder when 15 is divided by c.
7
Let p(s) = -s - 11. Suppose 4*m + 5*g = -28, 5*m + 5*g = -18 - 22. Calculate the remainder when 2 + -3 + 2 + 2 is divided by p(m).
0
Suppose -2*u - 2 = -5*o, -2*o - 27 = u + 2*o. Let w = -7 - u. Let c = -1 - -3. What is the remainder when w is divided by c?
0
Let j = -11 + 30. Let a = 468 + -463. What is the remainder when j is divided by a?
4
Suppose -4 = -5*m + 126. Let k = m - 2. Let i(d) = 12*d**2 + 2*d - 1. Calculate the remainder when k is divided by i(1).
11
Let q = -14 + 62. Let c(v) = -3*v - 5. Let m be c(-6). Suppose -5*j + x + 70 + m = 0, x = -j + 19. What is the remainder when q is divided by j?
14
What is the remainder when ((-8)/24)/((-1)/213) is divided by 37?
34
Let s = -101 + 129. What is the remainder when s is divided by 16?
12
Calculate the remainder when 18 is divided by 2/6 - 28/(-6).
3
Let l(g) = -g**2 - 13*g - 10. What is the remainder when l(-12) is divided by 1?
0
Let m be (1 - (-1)/(-3))*15. Suppose -5*d + 5*f = m, 2 - 17 = -5*f. Suppose 4*q + 4*j = -12, -q + 17 = 2*j - 6*j. What is the remainder when d is divided by q?
0
Suppose 6*f - f = 0. Suppose -c = -3 - f. Suppose -5*x - 31 = -c*h, -5*x - 4 - 13 = 4*h. What is the remainder when h is divided by 1?
0
Let j(x) = -x**2 - 14*x - 18. Calculate the remainder when 22 is divided by j(-12).
4
Suppose -d + 4*f - 177 = -4*d, 49 = d - 2*f. Calculate the remainder when d is divided by 15.
10
Let a(x) = 9*x**2 - x - 1. Calculate the remainder when a(-1) is divided by 2.
1
Suppose -2*i - 24 = -5*x, 0*x - 4*x - 3*i = -10. Suppose 0 = -3*v - 3*z - 18, -z - x*z = 2*v. Calculate the remainder when 30 is divided by (5/v)/(2/(-64)).
14
Let w(v) = v**3 - 7*v**2 + 7*v + 1. Suppose 2*l - 2 = 10. What is the remainder when w(l) is divided by 3?
1
Suppose 9*k + 56 = 13*k. What is the remainder when 40 is divided by k?
12
Let p = -21 + 41. What is the remainder when p is divided by 13?
7
Let x(f) = -39*f + 9. What is the remainder when x(-6) is divided by 49?
47
Let d = -2 + 37. Calculate the remainder when d is divided by 12.
11
Suppose 0*u - 31 = -u. Calculate the remainder when u is divided by 8.
7
Let j(h) = 6*h + 9. Let a(n) = 3*n + 5. Let o(c) = -5*a(c) + 2*j(c). What is the remainder when 30 is divided by o(-5)?
6
Suppose 2*n = -4*j + 90, -3*n + 3*j + 133 = 16. Calculate the remainder when n is divided by 4.
1
What is the remainder when 56 is divided by (-18)/(-30)*-1*(-10 - 0)?
2
Let g = -32 + 60. What is the remainder when 111 is divided by g?
27
Let g(b) = -18*b**3 - b**2 + 3*b + 3. Let t be g(-2). Suppose 0 = -4*w - a + t